{"version":"1.0","provider_name":"Central Malley","provider_url":"https:\/\/central-malley.ch\/de\/","title":"Central Malley wird weiter lebendig. - Central Malley","type":"rich","width":600,"height":338,"html":"<blockquote class=\"wp-embedded-content\" data-secret=\"yuQhSGYWNO\"><a href=\"https:\/\/central-malley.ch\/de\/central-malley-wird-weiter-lebendig\/\">Central Malley wird weiter lebendig.<\/a><\/blockquote><iframe sandbox=\"allow-scripts\" security=\"restricted\" src=\"https:\/\/central-malley.ch\/de\/central-malley-wird-weiter-lebendig\/embed\/#?secret=yuQhSGYWNO\" width=\"600\" height=\"338\" title=\"&#8222;Central Malley wird weiter lebendig.&#8220; &#8211; Central Malley\" data-secret=\"yuQhSGYWNO\" frameborder=\"0\" marginwidth=\"0\" marginheight=\"0\" scrolling=\"no\" class=\"wp-embedded-content\"><\/iframe><script type=\"text\/javascript\">\n\/* <![CDATA[ *\/\n\/*! This file is auto-generated *\/\n!function(d,l){\"use strict\";l.querySelector&&d.addEventListener&&\"undefined\"!=typeof URL&&(d.wp=d.wp||{},d.wp.receiveEmbedMessage||(d.wp.receiveEmbedMessage=function(e){var t=e.data;if((t||t.secret||t.message||t.value)&&!\/[^a-zA-Z0-9]\/.test(t.secret)){for(var s,r,n,a=l.querySelectorAll('iframe[data-secret=\"'+t.secret+'\"]'),o=l.querySelectorAll('blockquote[data-secret=\"'+t.secret+'\"]'),c=new RegExp(\"^https?:$\",\"i\"),i=0;i<o.length;i++)o[i].style.display=\"none\";for(i=0;i<a.length;i++)s=a[i],e.source===s.contentWindow&&(s.removeAttribute(\"style\"),\"height\"===t.message?(1e3<(r=parseInt(t.value,10))?r=1e3:~~r<200&&(r=200),s.height=r):\"link\"===t.message&&(r=new URL(s.getAttribute(\"src\")),n=new URL(t.value),c.test(n.protocol))&&n.host===r.host&&l.activeElement===s&&(d.top.location.href=t.value))}},d.addEventListener(\"message\",d.wp.receiveEmbedMessage,!1),l.addEventListener(\"DOMContentLoaded\",function(){for(var e,t,s=l.querySelectorAll(\"iframe.wp-embedded-content\"),r=0;r<s.length;r++)(t=(e=s[r]).getAttribute(\"data-secret\"))||(t=Math.random().toString(36).substring(2,12),e.src+=\"#?secret=\"+t,e.setAttribute(\"data-secret\",t)),e.contentWindow.postMessage({message:\"ready\",secret:t},\"*\")},!1)))}(window,document);\n\/\/# sourceURL=https:\/\/central-malley.ch\/wp-includes\/js\/wp-embed.min.js\n\/* ]]> *\/\n<\/script>\n","thumbnail_url":"https:\/\/cdn.freebrand.ch\/w:auto\/h:auto\/q:mauto\/f:best\/https:\/\/central-malley.ch\/wp-content\/uploads\/sites\/28\/2025\/04\/AIRE_A_F2_5568-Final_komp-scaled.jpg","thumbnail_width":2560,"thumbnail_height":1707,"description":"Seit dem 1. Oktober sind die neuen privaten Mieter des Geb\u00e4udes A1 in Renens eingezogen. Sie schliessen sich den bereits wohnhaften Bewohnerinnen und Bewohnern sowie den ersten auf dem Areal ans\u00e4ssigen Unternehmen an. Auch wenn die Umgebung noch f\u00fcr einige Wochen im Bauzustand ist, tr\u00e4gt dieser Zuzug dazu bei, das Quartier zu beleben und ihm [&hellip;]"}

Seit dem 1. Oktober sind die neuen privaten Mieter des Gebäudes A1 in Renens eingezogen. Sie schliessen sich den bereits wohnhaften Bewohnerinnen und Bewohnern sowie den ersten auf dem Areal ansässigen Unternehmen an. Auch wenn die Umgebung noch für einige Wochen im Bauzustand ist, trägt dieser Zuzug dazu bei, das Quartier zu beleben und ihm [&hellip;]
